(3) is divided by x?
12
Suppose -7*q + 1092 = 6*q. Suppose 44*p - q = 40*p. What is the remainder when (81/(-4))/((-2)/8) is divided by p?
18
Let a(w) = 2*w**2 - 3*w - 7. Suppose -d - 82 = -4*c - 4, 4*d - 8 = 0. Calculate the remainder when a(8) is divided by ((-40)/(-32))/(1/c).
22
Let n = 3 - -1. Suppose c = n*c - 12. Suppose -4*g + g + 2*s = -15, -c*s = 0. What is the remainder when g is divided by 4?
1
Let i = 1100 + -1071. Calculate the remainder when 347 is divided by i.
28
Calculate the remainder when 36 is divided by (12/2 + -1)*(153 - 151).
6
Suppose -4*s = -300 + 80. Suppose -5*u - s = 40. What is the remainder when (-124)/6*(u - -16) is divided by 13?
10
Suppose 5*u + 2*g = 4, -2*u - 3*g = g + 8. Let d(a) = 11*a**2 - 3*a - 4. What is the remainder when d(u) is divided by 18?
16
Calculate the remainder when 619 is divided by (-83349)/(-3645) + (-4)/(-30) + 0.
21
Let w(g) = -g + 29. What is the remainder when w(11) is divided by 8?
2
Suppose n = 0, -8*j + 6*j - n + 368 = 0. Suppose 9*t - 2*w = 4*t + 172, -5*t - w = -j. What is the remainder when t is divided by 20?
16
Suppose -4*y + 204 = z, -4*y + 4*z + 309 = 125. Calculate the remainder when 460 is divided by y.
10
Suppose 3*v + 304 = -5*v. Let t = v + 61. Calculate the remainder when 91 is divided by t.
22
Suppose x + 20 = 2*t, -3*x = -t + 18 - 8. Suppose -3 = s - 2*s. Suppose 0*d - 12 = -s*d. Calculate the remainder when t is divided by d.
2
Let r = -2033 - -3631. What is the remainder when r is divided by 8?
6
Calculate the remainder when 33*(-1 - 4/(-3)) is divided by 6.
5
Suppose 0 = -d - 19*d + 760. What is the remainder when 187 is divided by d?
35
Let p be (10/3)/(3/(-9)). What is the remainder when 14 is divided by (25/(-5))/p*12?
2
Let s = 13 + 27. Suppose -10*p = -14*p + 176. Suppose 6*h - 4*h - p = -3*o, -15 = -o - h. Calculate the remainder when s is divided by o.
12
Let l(z) = 23*z - 12. Let y be l(2). Let n = y + 9. Calculate the remainder when n is divided by 15/4*8/2.
13
Suppose 5*o + 20 = 75. Suppose -o = -k - 4*c, 7*k - 3*c - 139 = 3*k. Calculate the remainder when k is divided by 11.
9
Let m = -8 - -25. Let v = 958 - 876. Calculate the remainder when v is divided by m.
14
Let n(x) = 8*x + 14 - 17 + x - 12. Let g = -3 - -10. Calculate the remainder when n(6) is divided by g.
4
Let a(b) = -2*b**2 + 10*b + 2. Let u be (-1)/((-10)/8) - 63/(-15). Calculate the remainder when 5 is divided by a(u).
1
Let p = -206 - -407. Calculate the remainder when p is divided by 17.
14
Suppose -5*o - z = -1175 + 141, 2*o - 5*z = 419. Suppose 5*c - i - o = c, 5*i = -4*c + 189. Calculate the remainder when c is divided by 26.
25
Let f(z) = -36*z - 2. Let l(d) = d**2 + 9*d + 8. Let o be l(-8). Suppose o*j + 4 = -2*j. What is the remainder when f(j) is divided by 24?
22
Suppose -3*b = 2*f + 1, 3*b + 4*f = -b. Let d(o) = -o**3 + o**2 + o + 16. Calculate the remainder when 2*((-62)/4)/b is divided by d(0).
15
Let z(g) = 17*g. What is the remainder when z(2) is divided by -1 + 5 - (-5)/(-3)*-3?
7
Let n(u) = u**2 + 2*u - 1. What is the remainder when 5/(-10) + (-46)/(-4) is divided by n(2)?
4
Suppose 7*s - 3*h - 47 = 3*s, -5*h = -2*s + 41. Suppose 337*j = 344*j - 70. Calculate the remainder when j is divided by s.
2
Let b = -26 - -27. What is the remainder when 19 is divided by 0 + 6 - (1 + b)?
3
Calculate the remainder when 102 is divided by 372/6*(-18)/(-12).
9
Let u = 2 - -3. Suppose 25 = -u*g, -4*y - 2*g - g = -277. What is the remainder when y is divided by 15?
13
What is the remainder when ((-8)/(-10))/(6*(-2)/(-7440)) is divided by 101?
92
Let s(y) = -2*y - 7. Calculate the remainder when s(-6) is divided by 2/(-13) + 8 + (-567)/117.
2
Let n = -171 + 212. Let k = 33 - 19. Calculate the remainder when n is divided by k.
13
Let w(k) = -k**3 + 11*k**2 + 15*k - 6. Suppose -23*h + 27*h - 48 = 0. What is the remainder when w(h) is divided by 11?
8
Suppose 5*h + 65 = 5*j, 0*j = -2*j + 4*h + 36. Let k(f) = -j + 18*f + 1 - 1 + 5. What is the remainder when k(3) is divided by 18?
15
Suppose 2*g - 4 = -2*g. Let a(q) = 3*q**2 + q - 1. Let r be a(g). Suppose -r*o + 7 = -20. Calculate the remainder when 35 is divided by o.
8
Let n(y) be the third derivative of 7*y**5/60 + y**4/12 - y**3/3 + 7*y**2. What is the remainder when n(2) is divided by 13?
4
Let h = 27 - 15. Suppose -137*o + 113*o = -480. What is the remainder when o is divided by h?
8
Let v(c) be the second derivative of c**5/20 + c**4 + 3*c**3/2 - 8*c**2 - 31*c. What is the remainder when 23 is divided by v(-11)?
5
Suppose -4*s = -2*x - 8, -3*s + x + 13 = 3*x. Suppose t = -4*w + 143, s*w - 64 = -3*t + 50. What is the remainder when 68 is divided by w?
33
Suppose 4*p + 5*w = 103, -4*w + 31 = -4*p + 143. Calculate the remainder when p is divided by 10.
7
Let g(p) = -2*p**3 + 2*p**2 - 8*p - 1. Let l(q) = q. Let k(d) = -g(d) - 5*l(d). What is the remainder when 180 is divided by k(3)?
42
Let o(p) = -4*p**2 - 13*p - 1. Let n(u) = -3*u**2 - 13*u - 1. Let i(d) = -5*n(d) + 4*o(d). Calculate the remainder when i(4) is divided by -2*(-1)/(-2)*-13.
11
Let c(k) = k**2 + 7*k + 2. Suppose -20 = -10*j + 6*j, -5*z - 2*j + 480 = 0. Calculate the remainder when z is divided by c(-9).
14
Let v(s) = s**3 + 6*s**2 - 4*s - 19. Calculate the remainder when 6/((45/114)/5) is divided by v(-3).
16
Let l be 6 + 0 + (-1 - -1). Suppose 3*y = -0*y - 12, -2*h + 3*y = -l. Let z = h + 10. What is the remainder when z is divided by 5?
2
Suppose 2*g = -2*c - 4, 26 = 2*c - g - 3*g. Let k be (-6)/(-33) - (5 + 1750/(-55)). Let f = k + -20. What is the remainder when f is divided by c?
1
Let u(a) = a + 1. Let x(c) = -24*c**3 + c. Let j(k) = 2*u(k) + x(k). What is the remainder when 43 is divided by j(-1)?
20
Suppose -4*v + 60 = -4*h, v - 11*h - 24 = -7*h. Calculate the remainder when 119 is divided by v.
11
Let z be (-2)/(-6)*(-68 + 11). Let d(y) = -y + 35. What is the remainder when d(z) is divided by 19?
16
Calculate the remainder when 70/(-30)*-4*(-18)/(-4) is divided by 23.
19
Let h(x) = -19*x + 244. Calculate the remainder when 124 is divided by h(12).
12
Let p = 1456 - 1227. What is the remainder when p is divided by 32?
5
Let d = 102 - 59. Let n be (-4)/(-6)*(2 + 4). Suppose -7 = -n*i + 37. Calculate the remainder when d is divided by i.
10
Suppose 0*p - 10 = p. What is the remainder when p/40 - 530/(-8) is divided by 113/5 - 2/(-5)?
20
Let g be 872/(-6) - 4/(-12). Let f = -143 - g. What is the remainder when 5 is divided by f?
1
Let a(r) = -r**2 + 12*r - 4. Calculate the remainder when ((-32)/(-6))/(-4)*-18 is divided by a(10).
8
Let y be (-17)/34 + 522/(-4). Let i = -106 - y. Calculate the remainder when 47 is divided by i.
22
Suppose -51 = -4*w + 49. Let s = -11 + w. What is the remainder when 6/(-8)*(6 + -58) is divided by s?
11
Suppose 10 = -4*p + 34. Calculate the remainder when 20 is divided by p.
2
Let g(l) = 13 + 10 + 3 + 3*l + l. Suppose -3*u - 22 = -250. What is the remainder when u is divided by g(0)?
24
Suppose 16*y + 5*n + 155 = 21*y, 3*y - n - 95 = 0. What is the remainder when 383 is divided by y?
31
Suppose -14*c + 19*c - 610 = 0. Calculate the remainder when c is divided by 32.
26
Let o(m) = -31*m**2 + m - 1. Let i be o(-1). Let t = 12 + 35. Let p = i + t. What is the remainder when p is divided by 6?
2
Let l(z) = z**2 + 12*z. Let a be l(-12). Suppose -s + 0*s - 48 = a. Let j = -29 - s. What is the remainder when j is divided by 10?
9
Suppose -6*a = -2*a - 3*m, 2*a = 3*m - 6. Let n(g) = -g**3 - 5*g**2 - 7*g - 6. What is the remainder when n(-4) is divided by a?
0
Let u = 42 - 26. Let l(p) = -p - 13*p + p**3 - 2*p**3 + 0*p - 4 + u*p**2. What is the remainder when 75 is divided by l(15)?
9
Suppose 12*a - 117 = -a. Calculate the remainder when 1052 is divided by a.
8
Let j = 289 + -201. What is the remainder when j is divided by 33?
22
Suppose 4*j - 388 = -12. Suppose 3*a + 3*m - 48 = 0, 0 = a + 4*a + 3*m - 86. What is the remainder when j is divided by a?
18
Let g be (-4)/10*-10*1. Let z(t) = 2*t - 1. Calculate the remainder when (-187)/51*(3 - 6) is divided by z(g).
4
Let z = -10 - -6. Let b(t) = 2 + 4*t - t + 0*t + 3*t**2 + 0*t. Calculate the remainder when b(z) is divided by 13.
12
Let u = 236 + -232. Suppose -5*v = -3 + 18, 3*v - 15 = -u*a. Let 